4 and 1451521914?
3774
What is the greatest common divisor of 86497 and 112317?
1291
Calculate the highest common factor of 15100 and 11300.
100
Calculate the greatest common divisor of 328695 and 795.
15
What is the greatest common divisor of 36 and 411024888?
36
What is the greatest common factor of 4800 and 428200?
200
Calculate the greatest common divisor of 5108195 and 7520.
235
Calculate the greatest common factor of 262 and 58465562.
262
What is the highest common divisor of 3621169 and 3056?
191
What is the highest common divisor of 91692882 and 81?
9
What is the highest common divisor of 18040602 and 4968?
138
Calculate the highest common factor of 276 and 980332220.
92
Calculate the highest common factor of 88 and 2098536.
88
Calculate the greatest common divisor of 13756 and 74355524.
724
What is the greatest common factor of 3364 and 3137336?
116
What is the greatest common divisor of 2847 and 71552?
13
What is the greatest common divisor of 740635191 and 10665?
2133
What is the highest common factor of 8011551 and 885?
177
Calculate the greatest common factor of 551 and 1434234.
19
What is the highest common divisor of 715227378 and 4164?
2082
What is the highest common divisor of 22 and 3931202?
22
What is the highest common factor of 475 and 12897800?
25
Calculate the highest common divisor of 3073081 and 5060068.
3139
Calculate the highest common divisor of 3830 and 3078080.
10
Calculate the highest common factor of 26376 and 81816.
168
What is the greatest common factor of 101655 and 42120?
405
Calculate the highest common divisor of 4669652 and 108758.
2314
What is the highest common factor of 1208 and 43257272?
1208
What is the highest common factor of 1087953 and 70473?
417
Calculate the greatest common factor of 210752 and 3138229.
3293
Calculate the greatest common factor of 35 and 46510.
5
What is the highest common factor of 14127 and 3957141?
51
Calculate the greatest common divisor of 2431081236 and 5188.
5188
What is the highest common divisor of 16 and 687738328?
8
What is the highest common factor of 53 and 59062882?
53
Calculate the highest common factor of 20 and 20557660.
20
Calculate the greatest common factor of 17569526 and 442.
26
Calculate the greatest common divisor of 978997929 and 42.
21
What is the greatest common divisor of 266490640 and 32?
16
Calculate the highest common factor of 29741646 and 10824.
2706
Calculate the greatest common divisor of 2698212 and 2244.
132
Calculate the highest common divisor of 33 and 3292379013.
33
Calculate the highest common factor of 992304 and 2168.
8
What is the greatest common factor of 2828 and 7007476?
28
Calculate the highest common factor of 1115570316 and 252.
84
Calculate the highest common divisor of 7285 and 488565.
235
What is the highest common divisor of 477844 and 46766?
134
What is the greatest common factor of 361015683 and 1029?
147
What is the highest common factor of 1819373 and 5249?
29
What is the highest common factor of 993 and 27657367?
331
Calculate the greatest common factor of 492 and 1621824.
12
What is the highest common divisor of 54999099 and 126?
9
What is the highest common factor of 9408388 and 88?
44
Calculate the greatest common factor of 4347 and 323960175.
4347
Calculate the highest common divisor of 41052939 and 4636.
1159
What is the highest common divisor of 1268390 and 30?
10
What is the highest common divisor of 1704 and 7336288?
568
Calculate the greatest common factor of 9146801 and 253.
23
What is the highest common factor of 10 and 289567570?
10
Calculate the greatest common factor of 38527290 and 14760.
3690
What is the greatest common divisor of 98285859 and 126?
63
What is the greatest common factor of 131764040 and 430?
430
What is the greatest common factor of 1511741 and 17864?
2233
Calculate the greatest common divisor of 187 and 372793.
17
What is the greatest common factor of 9307 and 30053?
41
Calculate the highest common divisor of 40108 and 10708984.
148
Calculate the highest common factor of 52858963 and 642.
107
Calculate the greatest common factor of 1499147 and 3250.
13
Calculate the highest common factor of 266508 and 2112.
132
Calculate the greatest common divisor of 1547896 and 107944.
1048
What is the highest common factor of 7534 and 1059246497?
3767
Calculate the highest common divisor of 162 and 70726.
2
What is the highest common factor of 1481322 and 591909?
3099
Calculate the highest common divisor of 132 and 1079293996.
44
Calculate the highest common factor of 9477330 and 187.
17
What is the highest common divisor of 1284285 and 480?
15
Calculate the greatest common factor of 9804 and 585048.
228
What is the greatest common factor of 326285301 and 51?
51
What is the highest common factor of 5539586 and 332?
166
What is the greatest common divisor of 252 and 45517374?
126
Calculate the greatest common factor of 68 and 2030956.
68
Calculate the greatest common factor of 29801 and 312596.
17
What is the greatest common factor of 2 and 9414593?
1
What is the highest common factor of 238 and 28650083?
119
What is the greatest common factor of 21203785 and 2320?
145
Calculate the highest common factor of 2589 and 66413891.
863
Calculate the greatest common factor of 60489 and 18234216.
1287
What is the highest common factor of 63472326 and 537?
537
Calculate the greatest common factor of 12628578 and 38.
38
What is the highest common factor of 44000 and 6784250?
2750
What is the greatest common factor of 56401820 and 20?
20
Calculate the highest common divisor of 270156 and 1347.
3
What is the highest common factor of 1845 and 28135881?
369
What is the greatest common factor of 872473 and 3335472?
7721
Calculate the highest common factor of 25924804 and 403.
31
Calculate the highest common divisor of 23856 and 1042440.
168
Calculate the highest common factor of 208162251 and 297.
297
What is the highest common factor of 5335 and 209882780?
485
Calculate the greatest common divisor of 18025 and 262135.
515
What is the highest common divisor of 132 and 42548952?
12
What is the highest common factor of 45 and 13437189?
9
Calculate the greatest common divisor of 7986729 and 159.
159
Calculate the greatest common factor of 363 and 3957.
3
Calculate the highest common factor of 3221 and 702793211.
3221
What is the highest common divisor of 4795 and 46927706?
959
What is the greatest common factor of 177535479 and 1086?
543
What is the highest common divisor of 285 and 39719595?
285
What is the greatest common divisor of 15235248 and 126?
42
What is the greatest common divisor of 39940 and 29168182?
3994
What is the greatest common divisor of 18928384 and 160?
32
Calculate the greatest common divisor of 2751977 and 17.
17
Calculate the greatest common factor of 2146 and 27365125.
29
What is the highest common factor of 2805218 and 2024?
46
What is the greatest common divisor of 220 and 39030020?
20
What is the greatest common divisor of 75 and 11099575?
25
Calculate the greatest common divisor of 1839777 and 4419.
1473
What is the highest common divisor of 2911 and 2353933?
41
Calculate the greatest common factor of 212045515 and 501920.
15685
Calculate the highest common factor of 1848480 and 960.
480
Calculate the greatest common divisor of 446976 and 7056.
144
Calculate the highest common factor of 879655 and 14.
7
What is the highest common divisor of 2837 and 3699104723?
2837
What is the greatest common divisor of 12 and 26183652?
12
Calculate the highest common factor of 1634838 and 199626.
582
Calculate the highest common factor of 21347479 and 688.
43
What is the highest common factor of 1633253 and 7291?
23
What is the highest common factor of 3516 and 433548?
12
Calculate the greatest common factor of 75 and 574965.
15
What is the greatest common divisor of 50992 and 1561136?
16
Calculate the highest common factor of 6847 and 969855.
41
What is the greatest common factor of 3460 and 54280?
20
Calculate the greatest common factor of 125629 and 10823.
137
What is the greatest common divisor of 9042580 and 15?
5
Calculate the highest common factor of 1411662 and 2806.
122
What is the highest common divisor of 169539 and 11253?
93
Calculate the greatest common factor of 226 and 90538764.
226
Cal